{"id":9,"date":"2025-10-22T12:42:56","date_gmt":"2025-10-22T12:42:56","guid":{"rendered":"https:\/\/mediumaquamarine-sandpiper-333841.hostingersite.com\/?page_id=9"},"modified":"2025-11-22T13:54:01","modified_gmt":"2025-11-22T16:54:01","slug":"home","status":"publish","type":"page","link":"https:\/\/ponterasa.com.br\/consultas\/","title":{"rendered":"Home"},"content":{"rendered":"\t\t<div data-elementor-type=\"wp-page\" data-elementor-id=\"9\" class=\"elementor elementor-9\" data-elementor-post-type=\"page\">\n\t\t\t\t\t\t<section class=\"elementor-section elementor-top-section elementor-element elementor-element-3888363 elementor-section-full_width elementor-section-height-default elementor-section-height-default\" data-id=\"3888363\" data-element_type=\"section\" data-settings=\"{&quot;background_background&quot;:&quot;classic&quot;}\">\n\t\t\t\t\t\t<div class=\"elementor-container elementor-column-gap-no\">\n\t\t\t\t\t<div class=\"elementor-column elementor-col-100 elementor-top-column elementor-element elementor-element-3f47cf2\" data-id=\"3f47cf2\" data-element_type=\"column\">\n\t\t\t<div class=\"elementor-widget-wrap elementor-element-populated\">\n\t\t\t\t\t\t<div class=\"elementor-element elementor-element-595f478 elementor-widget elementor-widget-image\" data-id=\"595f478\" data-element_type=\"widget\" data-widget_type=\"image.default\">\n\t\t\t\t<div class=\"elementor-widget-container\">\n\t\t\t\t\t\t\t\t\t\t\t\t\t\t\t<img fetchpriority=\"high\" decoding=\"async\" width=\"1920\" height=\"1080\" src=\"https:\/\/ponterasa.com.br\/consultas\/wp-content\/uploads\/2025\/11\/s3.jpg\" class=\"attachment-full size-full wp-image-665\" alt=\"\" srcset=\"https:\/\/ponterasa.com.br\/consultas\/wp-content\/uploads\/2025\/11\/s3.jpg 1920w, https:\/\/ponterasa.com.br\/consultas\/wp-content\/uploads\/2025\/11\/s3-300x169.jpg 300w, https:\/\/ponterasa.com.br\/consultas\/wp-content\/uploads\/2025\/11\/s3-1024x576.jpg 1024w, https:\/\/ponterasa.com.br\/consultas\/wp-content\/uploads\/2025\/11\/s3-768x432.jpg 768w, https:\/\/ponterasa.com.br\/consultas\/wp-content\/uploads\/2025\/11\/s3-1536x864.jpg 1536w\" sizes=\"(max-width: 1920px) 100vw, 1920px\" \/>\t\t\t\t\t\t\t\t\t\t\t\t\t\t\t<\/div>\n\t\t\t\t<\/div>\n\t\t\t\t\t<\/div>\n\t\t<\/div>\n\t\t\t\t\t<\/div>\n\t\t<\/section>\n\t\t\t\t<section class=\"elementor-section elementor-top-section elementor-element elementor-element-70f4689 elementor-section-boxed elementor-section-height-default elementor-section-height-default\" data-id=\"70f4689\" data-element_type=\"section\" data-settings=\"{&quot;background_background&quot;:&quot;classic&quot;}\">\n\t\t\t\t\t\t<div class=\"elementor-container elementor-column-gap-default\">\n\t\t\t\t\t<div class=\"elementor-column elementor-col-33 elementor-top-column elementor-element elementor-element-87559d5\" data-id=\"87559d5\" data-element_type=\"column\" data-settings=\"{&quot;background_background&quot;:&quot;classic&quot;}\">\n\t\t\t<div class=\"elementor-widget-wrap elementor-element-populated\">\n\t\t\t\t\t<div class=\"elementor-background-overlay\"><\/div>\n\t\t\t\t\t\t<div class=\"elementor-element elementor-element-8382e0e elementor-widget elementor-widget-heading\" data-id=\"8382e0e\" data-element_type=\"widget\" data-widget_type=\"heading.default\">\n\t\t\t\t<div class=\"elementor-widget-container\">\n\t\t\t\t\t<h2 class=\"elementor-heading-title elementor-size-default\">Consulta Completa<\/h2>\t\t\t\t<\/div>\n\t\t\t\t<\/div>\n\t\t\t\t<div class=\"elementor-element elementor-element-021e240 elementor-widget elementor-widget-text-editor\" data-id=\"021e240\" data-element_type=\"widget\" data-widget_type=\"text-editor.default\">\n\t\t\t\t<div class=\"elementor-widget-container\">\n\t\t\t\t\t\t\t\t\t<p>Com o Sistema Azul Consultas, seu cliente acessa desde dados b\u00e1sicos \u2014 como nomes, endere\u00e7os e d\u00e9bitos \u2014 at\u00e9 relat\u00f3rios completos com protestos, bens, participa\u00e7\u00e3o em empresas, renda presumida, score, pessoas relacionadas, \u00faltimos endere\u00e7os e telefones, entre outras informa\u00e7\u00f5es.<\/p>\t\t\t\t\t\t\t\t<\/div>\n\t\t\t\t<\/div>\n\t\t\t\t\t<\/div>\n\t\t<\/div>\n\t\t\t\t<div class=\"elementor-column elementor-col-33 elementor-top-column elementor-element elementor-element-8db3c02\" data-id=\"8db3c02\" data-element_type=\"column\" data-settings=\"{&quot;background_background&quot;:&quot;classic&quot;}\">\n\t\t\t<div class=\"elementor-widget-wrap elementor-element-populated\">\n\t\t\t\t\t\t<div class=\"elementor-element elementor-element-54d8c1c elementor-widget elementor-widget-heading\" data-id=\"54d8c1c\" data-element_type=\"widget\" data-widget_type=\"heading.default\">\n\t\t\t\t<div class=\"elementor-widget-container\">\n\t\t\t\t\t<h2 class=\"elementor-heading-title elementor-size-default\">Risco Reduzido<\/h2>\t\t\t\t<\/div>\n\t\t\t\t<\/div>\n\t\t\t\t<div class=\"elementor-element elementor-element-02f9d5b elementor-widget elementor-widget-text-editor\" data-id=\"02f9d5b\" data-element_type=\"widget\" data-widget_type=\"text-editor.default\">\n\t\t\t\t<div class=\"elementor-widget-container\">\n\t\t\t\t\t\t\t\t\t<p>Um cliente pode estar negativado em uma base e regular em outra, criando falsa sensa\u00e7\u00e3o de seguran\u00e7a na venda. Isso pode levar \u00e0 concess\u00e3o de cr\u00e9dito para CPFs ou CNPJs comprometidos. Nosso sistema evita esse risco oferecendo consultas amplas e confi\u00e1veis entre m\u00faltiplas fontes.<\/p>\t\t\t\t\t\t\t\t<\/div>\n\t\t\t\t<\/div>\n\t\t\t\t\t<\/div>\n\t\t<\/div>\n\t\t\t\t<div class=\"elementor-column elementor-col-33 elementor-top-column elementor-element elementor-element-5caca2a\" data-id=\"5caca2a\" data-element_type=\"column\" data-settings=\"{&quot;background_background&quot;:&quot;classic&quot;}\">\n\t\t\t<div class=\"elementor-widget-wrap elementor-element-populated\">\n\t\t\t\t\t\t<div class=\"elementor-element elementor-element-110e328 elementor-widget elementor-widget-heading\" data-id=\"110e328\" data-element_type=\"widget\" data-widget_type=\"heading.default\">\n\t\t\t\t<div class=\"elementor-widget-container\">\n\t\t\t\t\t<h2 class=\"elementor-heading-title elementor-size-default\">Flexibilidade Total<\/h2>\t\t\t\t<\/div>\n\t\t\t\t<\/div>\n\t\t\t\t<div class=\"elementor-element elementor-element-450d441 elementor-widget elementor-widget-text-editor\" data-id=\"450d441\" data-element_type=\"widget\" data-widget_type=\"text-editor.default\">\n\t\t\t\t<div class=\"elementor-widget-container\">\n\t\t\t\t\t\t\t\t\t<p>Nosso sistema atende empresas de todos os portes e volumes de uso. Cada cliente escolhe exatamente o tipo de consulta que precisa, sem pacotes obrigat\u00f3rios ou pesquisas engessadas. Assim, cada opera\u00e7\u00e3o pode usar apenas o que realmente atende sua demanda di\u00e1ria.<\/p>\t\t\t\t\t\t\t\t<\/div>\n\t\t\t\t<\/div>\n\t\t\t\t\t<\/div>\n\t\t<\/div>\n\t\t\t\t\t<\/div>\n\t\t<\/section>\n\t\t\t\t<section class=\"elementor-section elementor-top-section elementor-element elementor-element-47dfe88 elementor-section-boxed elementor-section-height-default elementor-section-height-default\" data-id=\"47dfe88\" data-element_type=\"section\" id=\"sobre\" data-settings=\"{&quot;background_background&quot;:&quot;classic&quot;}\">\n\t\t\t\t\t\t<div class=\"elementor-container elementor-column-gap-no\">\n\t\t\t\t\t<div class=\"elementor-column elementor-col-50 elementor-top-column elementor-element elementor-element-eb92c2b\" data-id=\"eb92c2b\" data-element_type=\"column\">\n\t\t\t<div class=\"elementor-widget-wrap elementor-element-populated\">\n\t\t\t\t\t\t<div class=\"elementor-element elementor-element-151cbb7 elementor-widget elementor-widget-heading\" data-id=\"151cbb7\" data-element_type=\"widget\" data-widget_type=\"heading.default\">\n\t\t\t\t<div class=\"elementor-widget-container\">\n\t\t\t\t\t<h2 class=\"elementor-heading-title elementor-size-default\">Sobre N\u00f3s<\/h2>\t\t\t\t<\/div>\n\t\t\t\t<\/div>\n\t\t\t\t<div class=\"elementor-element elementor-element-14cd9dd elementor-widget elementor-widget-text-editor\" data-id=\"14cd9dd\" data-element_type=\"widget\" data-widget_type=\"text-editor.default\">\n\t\t\t\t<div class=\"elementor-widget-container\">\n\t\t\t\t\t\t\t\t\t<p data-start=\"179\" data-end=\"541\">Somos uma empresa brasileira especializada em an\u00e1lise de cr\u00e9dito em todo o pa\u00eds, oferecendo informa\u00e7\u00f5es precisas e atualizadas diretamente das principais bases de prote\u00e7\u00e3o ao cr\u00e9dito. Nossa plataforma combina tecnologia moderna e alto desempenho para entregar consultas r\u00e1pidas, seguras e confi\u00e1veis, permitindo decis\u00f5es comerciais assertivas em poucos segundos.<\/p><p data-start=\"543\" data-end=\"842\">Com processos inteligentes e uma experi\u00eancia de uso simplificada, ajudamos empresas de todos os portes a reduzir riscos, evitar preju\u00edzos e proteger suas opera\u00e7\u00f5es. Fornecemos relat\u00f3rios completos para pessoas f\u00edsicas e jur\u00eddicas, garantindo maior seguran\u00e7a e confian\u00e7a em cada aprova\u00e7\u00e3o de cr\u00e9dito.<\/p><p data-start=\"844\" data-end=\"1096\">Nosso compromisso \u00e9 elevar o n\u00edvel de seguran\u00e7a das suas transa\u00e7\u00f5es. Tornamos a an\u00e1lise de cr\u00e9dito mais \u00e1gil, estrat\u00e9gica e lucrativa, oferecendo ferramentas que aumentam a efici\u00eancia, fortalecem o controle e potencializam os resultados do seu neg\u00f3cio.<\/p>\t\t\t\t\t\t\t\t<\/div>\n\t\t\t\t<\/div>\n\t\t\t\t\t<\/div>\n\t\t<\/div>\n\t\t\t\t<div class=\"elementor-column elementor-col-50 elementor-top-column elementor-element elementor-element-88835b1\" data-id=\"88835b1\" data-element_type=\"column\">\n\t\t\t<div class=\"elementor-widget-wrap elementor-element-populated\">\n\t\t\t\t\t\t<div class=\"elementor-element elementor-element-21d8357 elementor-widget elementor-widget-image\" data-id=\"21d8357\" data-element_type=\"widget\" data-widget_type=\"image.default\">\n\t\t\t\t<div class=\"elementor-widget-container\">\n\t\t\t\t\t\t\t\t\t\t\t\t\t\t\t<img decoding=\"async\" width=\"937\" height=\"740\" src=\"https:\/\/ponterasa.com.br\/consultas\/wp-content\/uploads\/2025\/10\/FOTO_QuemSomos.png\" class=\"attachment-full size-full wp-image-36\" alt=\"\" srcset=\"https:\/\/ponterasa.com.br\/consultas\/wp-content\/uploads\/2025\/10\/FOTO_QuemSomos.png 937w, https:\/\/ponterasa.com.br\/consultas\/wp-content\/uploads\/2025\/10\/FOTO_QuemSomos-300x237.png 300w, https:\/\/ponterasa.com.br\/consultas\/wp-content\/uploads\/2025\/10\/FOTO_QuemSomos-768x607.png 768w\" sizes=\"(max-width: 937px) 100vw, 937px\" \/>\t\t\t\t\t\t\t\t\t\t\t\t\t\t\t<\/div>\n\t\t\t\t<\/div>\n\t\t\t\t\t<\/div>\n\t\t<\/div>\n\t\t\t\t\t<\/div>\n\t\t<\/section>\n\t\t\t\t<section class=\"elementor-section elementor-top-section elementor-element elementor-element-ab0f900 elementor-hidden-tablet elementor-hidden-mobile elementor-section-boxed elementor-section-height-default elementor-section-height-default\" data-id=\"ab0f900\" data-element_type=\"section\" id=\"veicular\">\n\t\t\t\t\t\t<div class=\"elementor-container elementor-column-gap-default\">\n\t\t\t\t\t<div class=\"elementor-column elementor-col-100 elementor-top-column elementor-element elementor-element-10642fa elementor-hidden-tablet elementor-hidden-mobile\" data-id=\"10642fa\" data-element_type=\"column\">\n\t\t\t<div class=\"elementor-widget-wrap elementor-element-populated\">\n\t\t\t\t\t\t<div class=\"elementor-element elementor-element-648d8e7 elementor-widget elementor-widget-heading\" data-id=\"648d8e7\" data-element_type=\"widget\" data-widget_type=\"heading.default\">\n\t\t\t\t<div class=\"elementor-widget-container\">\n\t\t\t\t\t<h2 class=\"elementor-heading-title elementor-size-default\">Nossas principais consultas<\/h2>\t\t\t\t<\/div>\n\t\t\t\t<\/div>\n\t\t\t\t\t<\/div>\n\t\t<\/div>\n\t\t\t\t\t<\/div>\n\t\t<\/section>\n\t\t\t\t<section class=\"elementor-section elementor-top-section elementor-element elementor-element-d45ebf2 elementor-section-boxed elementor-section-height-default elementor-section-height-default\" data-id=\"d45ebf2\" data-element_type=\"section\" data-settings=\"{&quot;background_background&quot;:&quot;classic&quot;}\">\n\t\t\t\t\t\t<div class=\"elementor-container elementor-column-gap-default\">\n\t\t\t\t\t<div class=\"elementor-column elementor-col-33 elementor-top-column elementor-element elementor-element-56ede2a\" data-id=\"56ede2a\" data-element_type=\"column\" data-settings=\"{&quot;background_background&quot;:&quot;classic&quot;}\">\n\t\t\t<div class=\"elementor-widget-wrap elementor-element-populated\">\n\t\t\t\t\t<div class=\"elementor-background-overlay\"><\/div>\n\t\t\t\t\t\t<div class=\"elementor-element elementor-element-6c4c57d elementor-widget elementor-widget-heading\" data-id=\"6c4c57d\" data-element_type=\"widget\" data-widget_type=\"heading.default\">\n\t\t\t\t<div class=\"elementor-widget-container\">\n\t\t\t\t\t<h2 class=\"elementor-heading-title elementor-size-default\">Consulta SCPC<\/h2>\t\t\t\t<\/div>\n\t\t\t\t<\/div>\n\t\t\t\t<div class=\"elementor-element elementor-element-6871cea elementor-widget elementor-widget-text-editor\" data-id=\"6871cea\" data-element_type=\"widget\" data-widget_type=\"text-editor.default\">\n\t\t\t\t<div class=\"elementor-widget-container\">\n\t\t\t\t\t\t\t\t\t<p>Sistema de informa\u00e7\u00f5es cadastrais criado para reduzir os riscos e aumentar a confiabilidade nas opera\u00e7\u00f5es de cr\u00e9dito do com\u00e9rcio varejista,&#8230;\u00a0<a href=\"https:\/\/ponterasa.com.br\/consultas\/produtos\/\">[+]<\/a><\/p>\t\t\t\t\t\t\t\t<\/div>\n\t\t\t\t<\/div>\n\t\t\t\t\t<\/div>\n\t\t<\/div>\n\t\t\t\t<div class=\"elementor-column elementor-col-33 elementor-top-column elementor-element elementor-element-063b900\" data-id=\"063b900\" data-element_type=\"column\" data-settings=\"{&quot;background_background&quot;:&quot;classic&quot;}\">\n\t\t\t<div class=\"elementor-widget-wrap elementor-element-populated\">\n\t\t\t\t\t<div class=\"elementor-background-overlay\"><\/div>\n\t\t\t\t\t\t<div class=\"elementor-element elementor-element-f82c572 elementor-widget elementor-widget-heading\" data-id=\"f82c572\" data-element_type=\"widget\" data-widget_type=\"heading.default\">\n\t\t\t\t<div class=\"elementor-widget-container\">\n\t\t\t\t\t<h2 class=\"elementor-heading-title elementor-size-default\">Consulta Completa PJ<\/h2>\t\t\t\t<\/div>\n\t\t\t\t<\/div>\n\t\t\t\t<div class=\"elementor-element elementor-element-c812406 elementor-widget elementor-widget-text-editor\" data-id=\"c812406\" data-element_type=\"widget\" data-widget_type=\"text-editor.default\">\n\t\t\t\t<div class=\"elementor-widget-container\">\n\t\t\t\t\t\t\t\t\t<p>Dados que ser\u00e3o retornados: A\u00e7\u00f5es c\u00edveis, administradores, \u00f3rg\u00e3o, \u00f3rg\u00e3o Atual, capital inicial, capital social, c\u00f3digo IBGE, cheques sem fundo, CNPJ&#8230;\u00a0<a href=\"https:\/\/ponterasa.com.br\/consultas\/produtos\/\">[+]<\/a><\/p>\t\t\t\t\t\t\t\t<\/div>\n\t\t\t\t<\/div>\n\t\t\t\t\t<\/div>\n\t\t<\/div>\n\t\t\t\t<div class=\"elementor-column elementor-col-33 elementor-top-column elementor-element elementor-element-ef4c2b6\" data-id=\"ef4c2b6\" data-element_type=\"column\" data-settings=\"{&quot;background_background&quot;:&quot;classic&quot;}\">\n\t\t\t<div class=\"elementor-widget-wrap elementor-element-populated\">\n\t\t\t\t\t<div class=\"elementor-background-overlay\"><\/div>\n\t\t\t\t\t\t<div class=\"elementor-element elementor-element-6032d6b elementor-widget elementor-widget-heading\" data-id=\"6032d6b\" data-element_type=\"widget\" data-widget_type=\"heading.default\">\n\t\t\t\t<div class=\"elementor-widget-container\">\n\t\t\t\t\t<h2 class=\"elementor-heading-title elementor-size-default\">Consulta Completa PF<\/h2>\t\t\t\t<\/div>\n\t\t\t\t<\/div>\n\t\t\t\t<div class=\"elementor-element elementor-element-69ab69c elementor-widget elementor-widget-text-editor\" data-id=\"69ab69c\" data-element_type=\"widget\" data-widget_type=\"text-editor.default\">\n\t\t\t\t<div class=\"elementor-widget-container\">\n\t\t\t\t\t\t\t\t\t<p>Dados que ser\u00e3o retornados: A\u00e7\u00f5es c\u00edveis, cheques sem fundo, consulta por segmento, consultas, CPF, data atualiza\u00e7\u00e3o, data de nascimento, data emiss\u00e3o&#8230;\u00a0<a href=\"https:\/\/ponterasa.com.br\/consultas\/produtos\/\">[+]<\/a><\/p>\t\t\t\t\t\t\t\t<\/div>\n\t\t\t\t<\/div>\n\t\t\t\t\t<\/div>\n\t\t<\/div>\n\t\t\t\t\t<\/div>\n\t\t<\/section>\n\t\t\t\t<section class=\"elementor-section elementor-top-section elementor-element elementor-element-1f8d84b elementor-section-boxed elementor-section-height-default elementor-section-height-default\" data-id=\"1f8d84b\" data-element_type=\"section\" data-settings=\"{&quot;background_background&quot;:&quot;classic&quot;}\">\n\t\t\t\t\t\t<div class=\"elementor-container elementor-column-gap-default\">\n\t\t\t\t\t<div class=\"elementor-column elementor-col-33 elementor-top-column elementor-element elementor-element-ca14446\" data-id=\"ca14446\" data-element_type=\"column\" data-settings=\"{&quot;background_background&quot;:&quot;classic&quot;}\">\n\t\t\t<div class=\"elementor-widget-wrap elementor-element-populated\">\n\t\t\t\t\t<div class=\"elementor-background-overlay\"><\/div>\n\t\t\t\t\t\t<div class=\"elementor-element elementor-element-e5b2a66 elementor-widget elementor-widget-heading\" data-id=\"e5b2a66\" data-element_type=\"widget\" data-widget_type=\"heading.default\">\n\t\t\t\t<div class=\"elementor-widget-container\">\n\t\t\t\t\t<h2 class=\"elementor-heading-title elementor-size-default\">Restri\u00e7\u00e3o Financeira<\/h2>\t\t\t\t<\/div>\n\t\t\t\t<\/div>\n\t\t\t\t<div class=\"elementor-element elementor-element-1339d47 elementor-widget elementor-widget-text-editor\" data-id=\"1339d47\" data-element_type=\"widget\" data-widget_type=\"text-editor.default\">\n\t\t\t\t<div class=\"elementor-widget-container\">\n\t\t\t\t\t\t\t\t\t<p>Protestos estaduais; Pend\u00eancias financeiras; D\u00edvidas vencidas de pessoas f\u00edsicas e empresas; Nome do titular do CPF e situa\u00e7\u00e3o do documento&#8230;\u00a0<a href=\"https:\/\/ponterasa.com.br\/consultas\/produtos\/\">[+]<\/a><\/p>\t\t\t\t\t\t\t\t<\/div>\n\t\t\t\t<\/div>\n\t\t\t\t\t<\/div>\n\t\t<\/div>\n\t\t\t\t<div class=\"elementor-column elementor-col-33 elementor-top-column elementor-element elementor-element-f563c80\" data-id=\"f563c80\" data-element_type=\"column\" data-settings=\"{&quot;background_background&quot;:&quot;classic&quot;}\">\n\t\t\t<div class=\"elementor-widget-wrap elementor-element-populated\">\n\t\t\t\t\t<div class=\"elementor-background-overlay\"><\/div>\n\t\t\t\t\t\t<div class=\"elementor-element elementor-element-66246d0 elementor-widget elementor-widget-heading\" data-id=\"66246d0\" data-element_type=\"widget\" data-widget_type=\"heading.default\">\n\t\t\t\t<div class=\"elementor-widget-container\">\n\t\t\t\t\t<h2 class=\"elementor-heading-title elementor-size-default\">Consulta Veicular<\/h2>\t\t\t\t<\/div>\n\t\t\t\t<\/div>\n\t\t\t\t<div class=\"elementor-element elementor-element-2f7ecd7 elementor-widget elementor-widget-text-editor\" data-id=\"2f7ecd7\" data-element_type=\"widget\" data-widget_type=\"text-editor.default\">\n\t\t\t\t<div class=\"elementor-widget-container\">\n\t\t\t\t\t\t\t\t\t<p>Nome do propriet\u00e1rio atual; Caracter\u00edsticas do ve\u00edculo (ano fabrica\u00e7\u00e3o, ano modelo, chassi, CNPJ faturado, combust\u00edvel, cor, marca, munic\u00edpio&#8230;\u00a0<a href=\"https:\/\/ponterasa.com.br\/consultas\/produtos\/\">[+]<\/a><\/p>\t\t\t\t\t\t\t\t<\/div>\n\t\t\t\t<\/div>\n\t\t\t\t\t<\/div>\n\t\t<\/div>\n\t\t\t\t<div class=\"elementor-column elementor-col-33 elementor-top-column elementor-element elementor-element-d9f0240\" data-id=\"d9f0240\" data-element_type=\"column\" data-settings=\"{&quot;background_background&quot;:&quot;classic&quot;}\">\n\t\t\t<div class=\"elementor-widget-wrap elementor-element-populated\">\n\t\t\t\t\t<div class=\"elementor-background-overlay\"><\/div>\n\t\t\t\t\t\t<div class=\"elementor-element elementor-element-1ab7168 elementor-widget elementor-widget-heading\" data-id=\"1ab7168\" data-element_type=\"widget\" data-widget_type=\"heading.default\">\n\t\t\t\t<div class=\"elementor-widget-container\">\n\t\t\t\t\t<h2 class=\"elementor-heading-title elementor-size-default\">Consulta Localiza\u00e7\u00e3o<\/h2>\t\t\t\t<\/div>\n\t\t\t\t<\/div>\n\t\t\t\t<div class=\"elementor-element elementor-element-1d248fb elementor-widget elementor-widget-text-editor\" data-id=\"1d248fb\" data-element_type=\"widget\" data-widget_type=\"text-editor.default\">\n\t\t\t\t<div class=\"elementor-widget-container\">\n\t\t\t\t\t\t\t\t\t<p>Saiba mais sobre o Sistema Localiza\u00e7\u00e3o PF \u00e9 a ferramenta mais poderosa para localiza\u00e7\u00e3o de pessoas e empresas para uso legal do mercado&#8230;.\u00a0<a href=\"https:\/\/ponterasa.com.br\/consultas\/produtos\/\">[+]<\/a><\/p>\t\t\t\t\t\t\t\t<\/div>\n\t\t\t\t<\/div>\n\t\t\t\t\t<\/div>\n\t\t<\/div>\n\t\t\t\t\t<\/div>\n\t\t<\/section>\n\t\t\t\t<section class=\"elementor-section elementor-top-section elementor-element elementor-element-fb357d8 elementor-hidden-mobile elementor-section-boxed elementor-section-height-default elementor-section-height-default\" data-id=\"fb357d8\" data-element_type=\"section\" data-settings=\"{&quot;background_background&quot;:&quot;classic&quot;}\">\n\t\t\t\t\t\t<div class=\"elementor-container elementor-column-gap-default\">\n\t\t\t\t\t<div class=\"elementor-column elementor-col-50 elementor-top-column elementor-element elementor-element-2e74deb\" data-id=\"2e74deb\" data-element_type=\"column\">\n\t\t\t<div class=\"elementor-widget-wrap elementor-element-populated\">\n\t\t\t\t\t\t<div class=\"elementor-element elementor-element-32246fc elementor-invisible elementor-widget elementor-widget-heading\" data-id=\"32246fc\" data-element_type=\"widget\" data-settings=\"{&quot;_animation&quot;:&quot;fadeInUp&quot;}\" data-widget_type=\"heading.default\">\n\t\t\t\t<div class=\"elementor-widget-container\">\n\t\t\t\t\t<h2 class=\"elementor-heading-title elementor-size-default\">N\u00f3s oferecemos a solu\u00e7\u00e3o de <br>consulta ideal para o seu neg\u00f3cio.<\/h2>\t\t\t\t<\/div>\n\t\t\t\t<\/div>\n\t\t\t\t\t<\/div>\n\t\t<\/div>\n\t\t\t\t<div class=\"elementor-column elementor-col-50 elementor-top-column elementor-element elementor-element-bbc69b4\" data-id=\"bbc69b4\" data-element_type=\"column\">\n\t\t\t<div class=\"elementor-widget-wrap elementor-element-populated\">\n\t\t\t\t\t\t<div class=\"elementor-element elementor-element-fa34b6e elementor-align-justify elementor-mobile-align-justify elementor-widget elementor-widget-button\" data-id=\"fa34b6e\" data-element_type=\"widget\" data-widget_type=\"button.default\">\n\t\t\t\t<div class=\"elementor-widget-container\">\n\t\t\t\t\t\t\t\t\t<div class=\"elementor-button-wrapper\">\n\t\t\t\t\t<a class=\"elementor-button elementor-button-link elementor-size-sm\" href=\"https:\/\/wa.me\/5555920005382?text=Ol\u00e1!%20Gostaria%20de%20saber%20mais%20sobre%20os%20servi\u00e7os%20da%20Info%20Verifica%20.\" target=\"_blank\">\n\t\t\t\t\t\t<span class=\"elementor-button-content-wrapper\">\n\t\t\t\t\t\t\t\t\t<span class=\"elementor-button-text\">Fale Conosco<\/span>\n\t\t\t\t\t<\/span>\n\t\t\t\t\t<\/a>\n\t\t\t\t<\/div>\n\t\t\t\t\t\t\t\t<\/div>\n\t\t\t\t<\/div>\n\t\t\t\t\t<\/div>\n\t\t<\/div>\n\t\t\t\t\t<\/div>\n\t\t<\/section>\n\t\t\t\t<\/div>\n\t\t","protected":false},"excerpt":{"rendered":"<p>Consulta Completa Com o Sistema Azul Consultas, seu cliente acessa desde dados b\u00e1sicos \u2014 como nomes, endere\u00e7os e d\u00e9bitos \u2014 at\u00e9 relat\u00f3rios completos com protestos, bens, participa\u00e7\u00e3o em empresas, renda presumida, score, pessoas relacionadas, \u00faltimos endere\u00e7os e telefones, entre outras informa\u00e7\u00f5es. Risco Reduzido Um cliente pode estar negativado em uma base e regular em outra, [&hellip;]<\/p>\n","protected":false},"author":2,"featured_media":0,"parent":0,"menu_order":0,"comment_status":"closed","ping_status":"closed","template":"","meta":{"footnotes":""},"class_list":["post-9","page","type-page","status-publish","hentry"],"_links":{"self":[{"href":"https:\/\/ponterasa.com.br\/consultas\/wp-json\/wp\/v2\/pages\/9","targetHints":{"allow":["GET"]}}],"collection":[{"href":"https:\/\/ponterasa.com.br\/consultas\/wp-json\/wp\/v2\/pages"}],"about":[{"href":"https:\/\/ponterasa.com.br\/consultas\/wp-json\/wp\/v2\/types\/page"}],"author":[{"embeddable":true,"href":"https:\/\/ponterasa.com.br\/consultas\/wp-json\/wp\/v2\/users\/2"}],"replies":[{"embeddable":true,"href":"https:\/\/ponterasa.com.br\/consultas\/wp-json\/wp\/v2\/comments?post=9"}],"version-history":[{"count":418,"href":"https:\/\/ponterasa.com.br\/consultas\/wp-json\/wp\/v2\/pages\/9\/revisions"}],"predecessor-version":[{"id":780,"href":"https:\/\/ponterasa.com.br\/consultas\/wp-json\/wp\/v2\/pages\/9\/revisions\/780"}],"wp:attachment":[{"href":"https:\/\/ponterasa.com.br\/consultas\/wp-json\/wp\/v2\/media?parent=9"}],"curies":[{"name":"wp","href":"https:\/\/api.w.org\/{rel}","templated":true}]}}